 common divisor of 11 and 3?
1
What is the greatest common divisor of 135 and 1845?
45
Calculate the greatest common divisor of 320 and 16.
16
Calculate the highest common factor of 165 and 1672.
11
What is the greatest common divisor of 21 and 543?
3
Calculate the greatest common divisor of 77 and 63.
7
What is the greatest common factor of 6 and 129?
3
Calculate the greatest common factor of 319 and 11.
11
Calculate the highest common divisor of 50 and 90.
10
What is the greatest common factor of 72 and 10776?
24
What is the highest common divisor of 34 and 442?
34
Calculate the highest common divisor of 11 and 16753.
11
Calculate the highest common factor of 1326 and 1170.
78
Calculate the highest common factor of 44 and 188.
4
Calculate the greatest common divisor of 462 and 198.
66
Calculate the greatest common divisor of 40 and 64.
8
Calculate the greatest common factor of 80 and 16.
16
Calculate the highest common factor of 189 and 5481.
189
Calculate the highest common factor of 152905 and 265.
265
What is the greatest common factor of 4580 and 20?
20
What is the greatest common factor of 93 and 2883?
93
Calculate the greatest common factor of 102 and 918.
102
Calculate the highest common divisor of 162 and 567.
81
What is the highest common factor of 43 and 11309?
43
Calculate the highest common factor of 169 and 884.
13
Calculate the highest common factor of 27157 and 26.
13
Calculate the highest common divisor of 282 and 228.
6
Calculate the greatest common divisor of 1078 and 88.
22
What is the highest common divisor of 75 and 275?
25
Calculate the greatest common divisor of 39 and 624.
39
What is the highest common divisor of 24 and 216?
24
What is the greatest common divisor of 44450 and 100?
50
What is the greatest common divisor of 14936 and 8?
8
What is the greatest common divisor of 6132 and 1095?
219
What is the highest common factor of 14 and 5?
1
Calculate the greatest common factor of 1452 and 1364.
44
Calculate the greatest common factor of 168 and 84.
84
Calculate the greatest common divisor of 95 and 57.
19
Calculate the highest common divisor of 784 and 3724.
196
Calculate the greatest common factor of 2907 and 102.
51
Calculate the greatest common factor of 810 and 50.
10
Calculate the highest common factor of 109 and 4033.
109
Calculate the greatest common factor of 43 and 2752.
43
Calculate the highest common divisor of 1 and 223.
1
Calculate the highest common divisor of 2000 and 75.
25
What is the greatest common factor of 55 and 121?
11
Calculate the greatest common factor of 352 and 68.
4
What is the greatest common divisor of 147 and 189?
21
What is the highest common factor of 54 and 159?
3
Calculate the greatest common divisor of 8 and 2040.
8
What is the greatest common factor of 130 and 975?
65
What is the highest common divisor of 204 and 1377?
51
What is the highest common factor of 77 and 91?
7
What is the highest common factor of 5964 and 42?
42
What is the greatest common factor of 16 and 144?
16
Calculate the highest common divisor of 330 and 1430.
110
What is the highest common factor of 1024 and 1216?
64
What is the greatest common divisor of 16 and 252?
4
Calculate the greatest common divisor of 3014 and 154.
22
Calculate the greatest common divisor of 116 and 172.
4
Calculate the highest common divisor of 78 and 351.
39
Calculate the highest common factor of 1243 and 339.
113
What is the highest common factor of 177 and 18939?
177
Calculate the highest common factor of 1075 and 43.
43
Calculate the highest common divisor of 207 and 184.
23
What is the highest common factor of 464 and 6?
2
Calculate the highest common factor of 6 and 34.
2
Calculate the highest common divisor of 735 and 1617.
147
Calculate the greatest common factor of 2364 and 264.
12
What is the highest common factor of 2914 and 62?
62
Calculate the highest common divisor of 84 and 15666.
42
What is the greatest common divisor of 52 and 21268?
52
What is the highest common divisor of 18 and 276?
6
Calculate the highest common factor of 246 and 328.
82
Calculate the greatest common divisor of 66 and 77.
11
Calculate the highest common factor of 559 and 13.
13
What is the highest common factor of 240 and 660?
60
What is the greatest common divisor of 280 and 6755?
35
What is the greatest common factor of 684 and 4218?
114
What is the greatest common factor of 164 and 1517?
41
Calculate the highest common factor of 4343 and 43.
43
Calculate the greatest common factor of 48 and 105.
3
Calculate the greatest common factor of 6561 and 54.
27
Calculate the highest common divisor of 41 and 1435.
41
What is the greatest common factor of 945 and 27?
27
Calculate the greatest common divisor of 18438 and 14.
14
What is the greatest common factor of 4935 and 5264?
329
What is the highest common factor of 1610 and 8510?
230
What is the highest common divisor of 24141 and 39?
39
What is the greatest common factor of 117 and 13?
13
Calculate the highest common factor of 28 and 224.
28
What is the highest common factor of 13 and 7969?
13
What is the highest common factor of 17 and 1088?
17
Calculate the highest common factor of 24 and 84.
12
What is the highest common divisor of 72 and 540?
36
What is the highest common divisor of 150 and 24?
6
What is the highest common divisor of 30 and 15?
15
Calculate the highest common divisor of 406 and 70.
14
Calculate the highest common factor of 2926 and 1881.
209
Calculate the highest common factor of 19 and 133.
19
Calculate the greatest common divisor of 108 and 4428.
108
Calculate the greatest common factor of 702 and 81.
27
Calculate the highest common divisor of 11 and 8239.
11
Calculate the greatest common factor of 171 and 243.
9
What is the greatest common factor of 7 and 259?
7
What is the greatest common divisor of 64 and 608?
32
What is the highest common factor of 150 and 2580?
30
What is the greatest common divisor of 896 and 84?
28
Calculate the greatest common divisor of 67 and 4355.
67
What is the highest common divisor of 153 and 423?
9
Calculate the highest common factor of 1 and 2776.
1
Calculate the highest common divisor of 41 and 287.
41
What is the highest common factor of 15 and 55?
5
Calculate the highest common divisor of 16 and 3056.
16
What is the greatest common divisor of 287 and 246?
41
Calculate the highest common factor of 120 and 15.
15
Calculate the greatest common factor of 434 and 28.
14
Calculate the greatest common divisor of 6 and 94.
2
What is the highest common factor of 172 and 559?
43
Calculate the highest common divisor of 1857 and 3.
3
Calculate the greatest common factor of 11918 and 808.
202
Calculate the greatest common factor of 38 and 4826.
38
What is the highest common factor of 72 and 288?
72
What is the highest common factor of 605 and 5?
5
What is the greatest common factor of 6 and 18?
6
Calculate the highest common factor of 4032 and 12.
12
Calculate the greatest common factor of 222 and 370.
74
What is the highest common divisor of 399 and 475?
19
Calculate the highest common divisor of 1242 and 81.
27
Calculate the greatest common factor of 65 and 845.
65
What is the highest common divisor of 105 and 10?
5
What is the greatest common divisor of 70 and 14350?
70
Calculate the greatest common divisor of 351 and 13.
13
Calculate the highest common factor of 10 and 10.
10
Calculate the highest common factor of 38 and 2.
2
Calculate the greatest common factor of 30 and 12405.
15
Calculate the highest common factor of 949 and 13.
13
Calculate the highest common divisor of 552 and 460.
92
Calculate the highest common factor of 108 and 27.
27
What is the highest common divisor of 5 and 335?
5
Calculate the greatest common factor of 3808 and 1666.
238
What is the highest common factor of 11 and 759?
11
Calculate the highest common factor of 3237 and 39.
39
What is the highest common factor of 976 and 16?
16
What is the greatest common factor of 288 and 180?
36
What is the greatest common divisor of 168 and 399?
21
Calculate the greatest common divisor of 156 and 260.
52
Calculate the greatest common factor of 14841 and 306.
153
What is the greatest common divisor of 4 and 148?
4
What is the highest common divisor of 535 and 10?
5
What is the greate